{"id":420,"date":"2023-03-12T16:30:46","date_gmt":"2023-03-12T16:30:46","guid":{"rendered":"http:\/\/www.katlanabilirtentefiyatlari.com\/?post_type=product&#038;p=420"},"modified":"2023-03-12T16:31:13","modified_gmt":"2023-03-12T16:31:13","slug":"clk-3x45-katlanabilir-tente-portatif-cadir-gazebo-cadir-baskili-veya-baskisiz-imalati-ve-satisi","status":"publish","type":"product","link":"http:\/\/www.katlanabilirtentefiyatlari.com\/index.php\/urun\/clk-3x45-katlanabilir-tente-portatif-cadir-gazebo-cadir-baskili-veya-baskisiz-imalati-ve-satisi\/","title":{"rendered":"CLK 3&#215;4,5 Katlanabilir Tente Portatif \u00c7ad\u0131r Gazebo \u00c7ad\u0131r Bask\u0131l\u0131 veya Bask\u0131s\u0131z \u0130malat\u0131 ve Sat\u0131\u015f\u0131"},"content":{"rendered":"<h2 style=\"text-align: center;\">CLK 3X4,5 KATLANAB\u0130L\u0130R GAZEBO TENTE \u0130MALATI VE SATI\u015eI<\/h2>\n<p>CLK 3&#215;4,5 katlanabilir gazebo tente portatif \u00e7ardak imalat\u0131 yapan tek firmad\u0131r. Bask\u0131l\u0131 veya bask\u0131s\u0131z olarak , yan perdeli veya yanlar\u0131 a\u00e7\u0131k olarak stand fuar etkinlik ve bah\u00e7e \u00e7ad\u0131r\u0131 olarak kullan\u0131lan katlan\u0131r tente gazebo \u00e7ad\u0131rlar\u0131 sat\u0131n almak i\u00e7in bize ula\u015fabilirsiniz.<\/p>\n<p>CLK Katlanabilir gazebo \u00e7ad\u0131rlar\u0131 imalat\u0131 ve sat\u0131\u015f\u0131 yapan lider firmad\u0131r.<\/p>\n<p>T\u00fcm renk ve \u00f6l\u00e7\u00fclerde katlanabilir makasl\u0131 \u00e7ardak portatif gazebo \u00e7ad\u0131rlar\u0131 t\u00fcm renk ve \u00f6l\u00e7\u00fclerde sat\u0131n almak i\u00e7in bize ula\u015f\u0131n.<\/p>\n<p>Sa\u00e7ak bask\u0131l\u0131 veya tavan bask\u0131l\u0131 olarak imalat se\u00e7eneklerimiz mevcuttur. Bask\u0131l\u0131 \u00e7ad\u0131r sipari\u015fi vermek ve tasar\u0131m hizmetimizden yararlanmak i\u00e7in bize <strong>0 533 925 36 78<\/strong> numaral\u0131 telefon ile ula\u015fabilirsiniz.<\/p>\n<p><strong>Profil Se\u00e7enekleri<\/strong><\/p>\n<p>30 mm \u00e7elik profil, 1mm kal\u0131nl\u0131k<\/p>\n<p>40 mm alt\u0131gen \u00e7elik profil, 1.2 mm kal\u0131nl\u0131k<\/p>\n<p>40 mm alt\u0131gen al\u00fcminyum 1.2 mm kal\u0131nl\u0131k<\/p>\n<p>52 mm sekizgen al\u00fcminyum profil 2 mm kal\u0131nl\u0131k<\/p>\n<p><strong>Kuma\u015f<\/strong>: 800 Denye Oxford Kuma\u015f: Su ge\u00e7irmez UV Koruyuculu Kuma\u015f<\/p>\n<p><strong>Yan Perde Se\u00e7enekleri:<\/strong> Pencereli, Kap\u0131l\u0131, Kap\u0131 ve Pencereli, Baca Deli\u011fi Olan \u00d6zel Perde, Yukar\u0131 Toplanabilir Perde, \u015eeffaf Perde t\u00fcm \u00f6l\u00e7\u00fclerde iste\u011fe \u00f6zel uyarlanabilir yan duvarlar ile imalat se\u00e7ene\u011fi.<\/p>\n<p>Ayaklar\u0131 sabitlemek i\u00e7in kullan\u0131lan ip ve kaz\u0131k seti, veya 50 cm lik kaz\u0131klar ayr\u0131 olarak al\u0131nabilir. Katlanabilir tente ayaklar\u0131nda bulunan pabu\u00e7larda 2\u015fer adet delik bulunmaktad\u0131r, toprak alana kaz\u0131klar ile beton alana vida ile sabitlenebilir. Kau\u00e7uk taban ile sabitleme i\u015flemi de uygulanabilir, ayr\u0131 olarak kau\u00e7uk taban veya kum torbas\u0131 sat\u0131n al\u0131nabilir.<\/p>\n<p><strong>Toptan veya perakende fiyatlar\u0131m\u0131z ayr\u0131d\u0131r, l\u00fctfen toptan olarak belirterek fiyat isteyiniz.<\/strong><\/p>\n<p>CLK 3&#215;4,5 Katlanabilir Gazebo \u00c7ad\u0131r Renkleri: K\u0131rm\u0131z\u0131, Beyaz, Mavi, A\u00e7\u0131k Mavi, Lacivert, Sar\u0131, Beyaz, Krem, Ye\u015fil, Gri, Antrasit Gri, Mor, Lila, Siyah, Pembe, Bordo gibi t\u00fcm renklerde \u00fcr\u00fcn imalat\u0131m\u0131z ve sat\u0131\u015f\u0131m\u0131z mevcuttur.<\/p>\n<p>T\u00fcm \u00fcr\u00fcnlerimiz i\u00e7in fiyat ve detay bilgi almak isterseniz<a href=\"http:\/\/www.clkticaret.com\"><strong> www.clkticaret.com<\/strong><\/a> veya <a href=\"http:\/\/www.clkgarden.com.tr\"><strong>www.clkgarden.com.tr<\/strong><\/a> web sitemizden fiyat detay bilgisi alabilir \u00fcr\u00fcnleri online olarak sat\u0131n alabilirsiniz.<\/p>\n<p>Arad\u0131\u011f\u0131n\u0131z uygun tente bulamazsan\u0131z veya bask\u0131l\u0131 katlan\u0131r tente \u00e7ad\u0131r yapt\u0131rmak isterseniz <strong>0 533 925 36 78<\/strong> numaral\u0131 telefon ile ula\u015fabilirsiniz.<\/p>\n<p>\u0130malat\u0131n\u0131 ve ayn\u0131 zamanda sat\u0131\u015f\u0131n\u0131 yapt\u0131\u011f\u0131m\u0131z CLK Gazebo \u00e7ad\u0131rlar\u0131n T\u00fcrkiye geneli kargo ile g\u00f6nderimini sa\u011fl\u0131yoruz.<\/p>\n<p>Kullan\u0131m Alanlar\u0131: Bah\u00e7e \u00e7ad\u0131r\u0131, stand \u00e7ad\u0131r\u0131, fuar \u00e7ad\u0131r\u0131, etkinlik tentesi, g\u00f6lgelik alan, ya\u011fmurdan korunmak i\u00e7in tente, organizasyon \u00e7ad\u0131r\u0131, davet \u00e7ad\u0131r\u0131, parti \u00e7ad\u0131r\u0131 gibi t\u00fcm alanlar i\u00e7in kullan\u0131m uygundur.<\/p>\n<p><img loading=\"lazy\" decoding=\"async\" class=\"size-medium wp-image-1291 aligncenter\" src=\"http:\/\/www.bahcebalkonmobilyalari.com.tr\/wp-content\/uploads\/2022\/03\/3x3-katlanabilir-tente-gazebo-cadir-duvarsiz-tavan-kumas-iskelet-300x263.jpg\" alt=\"\" width=\"300\" height=\"263\" \/><\/p>\n<p>&nbsp;<\/p>\n","protected":false},"excerpt":{"rendered":"<p>CLK 3X4,5 KATLANAB\u0130L\u0130R GAZEBO TENTE \u0130MALATI VE SATI\u015eI CLK 3&#215;4,5 katlanabilir gazebo tente portatif \u00e7ardak imalat\u0131 yapan tek firmad\u0131r. Bask\u0131l\u0131 veya bask\u0131s\u0131z olarak , yan&#8230;<\/p>\n","protected":false},"featured_media":534,"comment_status":"open","ping_status":"closed","template":"","meta":{"om_disable_all_campaigns":false,"_monsterinsights_skip_tracking":false,"_monsterinsights_sitenote_active":false,"_monsterinsights_sitenote_note":"","_monsterinsights_sitenote_category":0},"product_brand":[],"product_cat":[157,158,159,160,161,92,134,162,95,136,96,97,98,99,100,101,102,137,103,104],"product_tag":[163,164,165,166,167,168,169,123,130],"class_list":{"0":"post-420","1":"product","2":"type-product","3":"status-publish","4":"has-post-thumbnail","6":"product_cat-3x4-katlanir-gazebo-cadir","7":"product_cat-5-gazebo-tente","8":"product_cat-5-katlanabilir-tente","9":"product_cat-5-katlanir-tente","10":"product_cat-5-portatif-gazebo-cadir","11":"product_cat-bahce-cadiri","12":"product_cat-baskili-cadir","13":"product_cat-clk-3x4-gazebo-tente-cadir-fiyatlari","14":"product_cat-clk-gazabo-cadir","15":"product_cat-clk-katlanabilir-tente-cadir","16":"product_cat-clk-katlanabilir-tente-gazebo-cadir","17":"product_cat-clk-katlanir-gazebo-tente-cadir","18":"product_cat-etkinlik-cadiri","19":"product_cat-fuar-cadiri","20":"product_cat-gazebo-cadir","21":"product_cat-katlanabilir-tente","22":"product_cat-katlanir-tente","23":"product_cat-logo-baskili-cadir","24":"product_cat-organizasyon-cadiri","25":"product_cat-stand-cadiri","26":"product_tag-3x4","27":"product_tag-5-katlanabilir-tente","28":"product_tag-clk-3x4","29":"product_tag-clk-3x4-gazebo-tente-fiyat","30":"product_tag-clk-3x4-katlanabilir-tente-fiyta","31":"product_tag-clk-3x4-portatif-tente","32":"product_tag-clk-3x4-stand-cadiri","33":"product_tag-gazebo-cadir","34":"product_tag-stand-cadiri","36":"first","37":"instock","38":"shipping-taxable","39":"product-type-simple"},"aioseo_notices":[],"_links":{"self":[{"href":"http:\/\/www.katlanabilirtentefiyatlari.com\/index.php\/wp-json\/wp\/v2\/product\/420","targetHints":{"allow":["GET"]}}],"collection":[{"href":"http:\/\/www.katlanabilirtentefiyatlari.com\/index.php\/wp-json\/wp\/v2\/product"}],"about":[{"href":"http:\/\/www.katlanabilirtentefiyatlari.com\/index.php\/wp-json\/wp\/v2\/types\/product"}],"replies":[{"embeddable":true,"href":"http:\/\/www.katlanabilirtentefiyatlari.com\/index.php\/wp-json\/wp\/v2\/comments?post=420"}],"wp:featuredmedia":[{"embeddable":true,"href":"http:\/\/www.katlanabilirtentefiyatlari.com\/index.php\/wp-json\/wp\/v2\/media\/534"}],"wp:attachment":[{"href":"http:\/\/www.katlanabilirtentefiyatlari.com\/index.php\/wp-json\/wp\/v2\/media?parent=420"}],"wp:term":[{"taxonomy":"product_brand","embeddable":true,"href":"http:\/\/www.katlanabilirtentefiyatlari.com\/index.php\/wp-json\/wp\/v2\/product_brand?post=420"},{"taxonomy":"product_cat","embeddable":true,"href":"http:\/\/www.katlanabilirtentefiyatlari.com\/index.php\/wp-json\/wp\/v2\/product_cat?post=420"},{"taxonomy":"product_tag","embeddable":true,"href":"http:\/\/www.katlanabilirtentefiyatlari.com\/index.php\/wp-json\/wp\/v2\/product_tag?post=420"}],"curies":[{"name":"wp","href":"https:\/\/api.w.org\/{rel}","templated":true}]}}