{"id":1859,"date":"2023-03-12T18:08:14","date_gmt":"2023-03-12T18:08:14","guid":{"rendered":"http:\/\/www.katlanabilirtentefiyatlari.com\/?post_type=product&#038;p=1859"},"modified":"2023-03-12T18:10:16","modified_gmt":"2023-03-12T18:10:16","slug":"clk-2x3-katlanabilir-tente-3-yan-duvarli-2-pencereli-gazebo-stand-cadiri-portatif-cardak","status":"publish","type":"product","link":"http:\/\/www.katlanabilirtentefiyatlari.com\/index.php\/urun\/clk-2x3-katlanabilir-tente-3-yan-duvarli-2-pencereli-gazebo-stand-cadiri-portatif-cardak\/","title":{"rendered":"CLK 2&#215;3 Katlanabilir Tente 3 Yan Duvarl\u0131 2 Pencereli Gazebo Stand \u00c7ad\u0131r\u0131 Portatif \u00c7ardak"},"content":{"rendered":"<h2 style=\"text-align: center;\">CLK 2&#215;3 Katlanabilir Tente 3 Yan Duvarl\u0131 2 Pencereli Gazebo Stand \u00c7ad\u0131r\u0131 Portatif \u00c7ardak<\/h2>\n<h2 style=\"text-align: center;\">T\u00fcrkiye&#8217;de Tek \u0130malat\u00e7\u0131 Firma CLK Ticaret Garantisi<\/h2>\n<h3 style=\"text-align: center;\"><strong>\u0130LET\u0130\u015e\u0130M: 0 533 925 36 78\u00a0<\/strong><\/h3>\n<p><img loading=\"lazy\" decoding=\"async\" class=\"size-medium wp-image-2258 aligncenter\" src=\"http:\/\/www.gazebocadir.com.tr\/wp-content\/uploads\/2023\/01\/clk-garden-2x3-katlanabilir-tente-pembe-gazebo-cadir-ucuz-fiyat-clk-gazebo-cadir-tente-makasli-cardak-300x300.jpg\" alt=\"\" width=\"300\" height=\"300\" \/><\/p>\n<h3>T\u00fcrkiye&#8217;de Tek \u0130malat\u00e7\u0131 Firma CLK Ticaret Garantisi<\/h3>\n<h3>2&#215;3 mt CLK gazebo \u00e7ad\u0131r \u00e7ardak portatif tente<\/h3>\n<h3>3 Yan Duvarl\u0131 &#8211; 2 Duvar Pencereli<\/h3>\n<div>\u0130malat\u00e7\u0131 firma\u00a0CLK T\u0130CARET\u00a0g\u00fcvencesi ile %100 su ge\u00e7irmez Oxford kuma\u015f ile \u00fcretilmi\u015f, branda ve iskelet garantili katlanabilir gazebo \u00e7ad\u0131rlar\u0131.<\/div>\n<div>Paket \u0130\u00e7eri\u011fi:\u00a0\u00a0Gazebo Tavan Kuma\u015f\u0131 + Al\u00fcminyum veya \u00e7elik profil + 1 adet 3 mt Arka Duvar + 2 adet 2 mt Yan Duvar Pencereli<\/div>\n<div>Pencere Detay:\u00a0105&#215;105 cm Kare<\/div>\n<div><strong>Profil Se\u00e7enekleri: 30x30x1 mm kare \u00e7elik profil, 40&#215;1,2 mm alt\u0131gen \u00e7elik profil, 40&#215;1,2 mm alt\u0131gen al\u00fcminyum profil, 52&#215;1,5 mm sekizgen al\u00fcminyum profil<\/strong><\/div>\n<div><\/div>\n<div>Not:\u00a0\u00c7ad\u0131r 4 Kenar\u0131nda c\u0131rt sistemi mevcuttur, duvar\u0131 s\u00f6kerek istedi\u011finiz kenarda kullanabilirsiniz.<\/div>\n<ul>\n<li>17 Farkl\u0131 Branda (Kuma\u015f) Renk Se\u00e7ene\u011fi<\/li>\n<li>%100 Su Ge\u00e7irmez Tavan<\/li>\n<li>Ayaklar\u0131nda yere sabitlemek i\u00e7in delikler bulunmaktad\u0131r, ayr\u0131ca \u00e7ad\u0131r brandas\u0131n\u0131n 4 kenar\u0131nda ip ile yere sabitlemek i\u00e7in halka bulunmaktad\u0131r.<\/li>\n<li>Kullan\u0131m Alanlar\u0131: Kamp, Bah\u00e7e, Piknik, G\u00f6lgelik, Outdoor, Organizasyon, Stand, Pazar gibi t\u00fcm alanlarda kullanabilece\u011finiz en sa\u011flam katlanabilir gazebo \u00e7ad\u0131r imalat\u0131n\u0131 yapan tek firma\u00a0CLK Gazebo \u00c7ad\u0131r.<\/li>\n<\/ul>\n<div><strong>Teknik \u00d6zellikler<\/strong><\/div>\n<div>D\u0131\u015f Profil \u00d6l\u00e7\u00fcleri (Bacaklar): 30x30x0.8 mm<\/div>\n<div>\u0130\u00e7 Profil (Bacaklar) : 25x25x0.8 mm<\/div>\n<div>\u00c7apraz Makas Borular: 22x12x0.8 mm<\/div>\n<div>Profil Rengi : Beyaz<\/div>\n<div>Kapal\u0131 Boyutu: 20x30x157 cm<\/div>\n<div>A\u00e7\u0131k Boyutu: 200x300x (h) 190-220 cm (3 Kademe Y\u00fckseklik Ayar\u0131)<\/div>\n<div>Kaplad\u0131\u011f\u0131 Alan : 6 m2<\/div>\n<div>Branda Dahil 25 kg<\/div>\n<div>En Y\u00fcksek Nokta Kubbe Y\u00fcksekli\u011fi: 320 cm<\/div>\n<div><\/div>\n<p>&nbsp;<\/p>\n","protected":false},"excerpt":{"rendered":"<h2 style=\"text-align: center;\">CLK 2&#215;3 Katlanabilir Tente 3 Yan Duvarl\u0131 2 Pencereli Gazebo Stand \u00c7ad\u0131r\u0131 Portatif \u00c7ardak<\/h2>\n","protected":false},"featured_media":2031,"comment_status":"closed","ping_status":"closed","template":"","meta":{"om_disable_all_campaigns":false,"_monsterinsights_skip_tracking":false,"_monsterinsights_sitenote_active":false,"_monsterinsights_sitenote_note":"","_monsterinsights_sitenote_category":0},"product_brand":[],"product_cat":[1255,1235,1269,146,1293,1245,1279,147,403,1311,1246,1294,1270,1280,1236,1257,1237,1322,1247,1312,467,1248,1295,1281,1338,1313,1258,322,323,1259,148,1282,1249,150,1323],"product_tag":[1320,117,1339,125,1340,129,130],"class_list":{"0":"post-1859","1":"product","2":"type-product","3":"status-publish","4":"has-post-thumbnail","6":"product_cat-2x3-gazebo-cadirlari","7":"product_cat-2x3-gazebo-katlanir-cadir","8":"product_cat-2x3-gazebo-tente","9":"product_cat-2x3-katlanabilir-tente","10":"product_cat-2x3-katlanir-cadir","11":"product_cat-2x3-katlanir-gazebo-cadirlari","12":"product_cat-2x3-katlanir-stanfd-cadiri","13":"product_cat-2x3-katlanir-tente-gazebo-cadir-fiyat","14":"product_cat-2x3-logo-baskili-tente","15":"product_cat-2x3-makasli-cardak-stand-cadiri","16":"product_cat-2x3-metre-katlanabilir-tente","17":"product_cat-2x3-portatif-cadir","18":"product_cat-2x3-portatif-gazebo-cadir-tente","19":"product_cat-2x3-portatif-gazebo-cadirlari","20":"product_cat-2x3-portatif-gazebo-stand-cadiri","21":"product_cat-2x3-portatif-stand-cadiri","22":"product_cat-2x3-portatif-tente","23":"product_cat-2x3-portatif-tente-gazebo-cadir","24":"product_cat-2x3-yan-perdeli-gazebo-cadir","25":"product_cat-clk-2x3-3-yan-kapali-perdeli-cadir","26":"product_cat-clk-2x3-gazebo-baskili-cadir-tente","27":"product_cat-clk-2x3-gazebo-cadir","28":"product_cat-clk-2x3-gazebo-cadirlari","29":"product_cat-clk-2x3-gazebo-katlanir-cadir","30":"product_cat-clk-2x3-gazebo-portat","31":"product_cat-clk-2x3-gazebo-tente","32":"product_cat-clk-2x3-gazebo-tente-cadirlari","33":"product_cat-clk-2x3-kamp-cadiri","34":"product_cat-clk-2x3-kamp-cadiri-imalati-satisi","35":"product_cat-clk-2x3-katlanabilir-tente","36":"product_cat-clk-2x3-katlanir-tente","37":"product_cat-clk-2x3-portatif-cadir-cardak","38":"product_cat-clk-2x3-portatif-gazebo-cadir","39":"product_cat-clk-2x3-portatif-tente","40":"product_cat-clk-2x3-yan-perdeli-gazebo-cadir","41":"product_tag-clk-2x3-gazebo-tente","42":"product_tag-clk-gazebo-cadir","43":"product_tag-clk-katlanir-2x3-perdeli-cadir","44":"product_tag-makasli-cardak","45":"product_tag-portatif-gazebo-cadr","46":"product_tag-portatif-tente","47":"product_tag-stand-cadiri","49":"first","50":"instock","51":"shipping-taxable","52":"product-type-simple"},"aioseo_notices":[],"_links":{"self":[{"href":"http:\/\/www.katlanabilirtentefiyatlari.com\/index.php\/wp-json\/wp\/v2\/product\/1859","targetHints":{"allow":["GET"]}}],"collection":[{"href":"http:\/\/www.katlanabilirtentefiyatlari.com\/index.php\/wp-json\/wp\/v2\/product"}],"about":[{"href":"http:\/\/www.katlanabilirtentefiyatlari.com\/index.php\/wp-json\/wp\/v2\/types\/product"}],"replies":[{"embeddable":true,"href":"http:\/\/www.katlanabilirtentefiyatlari.com\/index.php\/wp-json\/wp\/v2\/comments?post=1859"}],"wp:featuredmedia":[{"embeddable":true,"href":"http:\/\/www.katlanabilirtentefiyatlari.com\/index.php\/wp-json\/wp\/v2\/media\/2031"}],"wp:attachment":[{"href":"http:\/\/www.katlanabilirtentefiyatlari.com\/index.php\/wp-json\/wp\/v2\/media?parent=1859"}],"wp:term":[{"taxonomy":"product_brand","embeddable":true,"href":"http:\/\/www.katlanabilirtentefiyatlari.com\/index.php\/wp-json\/wp\/v2\/product_brand?post=1859"},{"taxonomy":"product_cat","embeddable":true,"href":"http:\/\/www.katlanabilirtentefiyatlari.com\/index.php\/wp-json\/wp\/v2\/product_cat?post=1859"},{"taxonomy":"product_tag","embeddable":true,"href":"http:\/\/www.katlanabilirtentefiyatlari.com\/index.php\/wp-json\/wp\/v2\/product_tag?post=1859"}],"curies":[{"name":"wp","href":"https:\/\/api.w.org\/{rel}","templated":true}]}}