{"id":1125,"date":"2023-03-12T16:36:07","date_gmt":"2023-03-12T16:36:07","guid":{"rendered":"http:\/\/www.katlanabilirtentefiyatlari.com\/?post_type=product&#038;p=1125"},"modified":"2023-03-12T16:39:06","modified_gmt":"2023-03-12T16:39:06","slug":"clk-ultra-4x4-metre-solar-gunes-panelli-led-isikli-motorlu-aluminyum-teleskopik-semsiye-kranksaft-akrilik-kumas","status":"publish","type":"product","link":"http:\/\/www.katlanabilirtentefiyatlari.com\/index.php\/urun\/clk-ultra-4x4-metre-solar-gunes-panelli-led-isikli-motorlu-aluminyum-teleskopik-semsiye-kranksaft-akrilik-kumas\/","title":{"rendered":"CLK Ultra 4&#215;4 Metre Solar G\u00fcne\u015f Panelli Led I\u015f\u0131kl\u0131 Motorlu Al\u00fcminyum Teleskopik \u015eemsiye Krank\u015faft Akrilik Kuma\u015f"},"content":{"rendered":"<h3 style=\"text-align: center;\">CLK TELESKOP\u0130K KRANK\u015eAFT \u015eEMS\u0130YE<\/h3>\n<h3 style=\"text-align: center;\">Ultra Solar G\u00fcne\u015f Panelli 4&#215;4 mt Motorlu \u015eemsiye<\/h3>\n<div>\u0130malat\u00e7\u0131 Firma CLK \u015eemsiye G\u00fcvencesi ve Garantisi<\/div>\n<div>\n<p>CLK Teleskopik Ultra 4&#215;4 metre \u015eemsiye, \u2018\u2019ETI-AL 71\u2019\u2019 al\u00fcminyum d\u00f6k\u00fcm birle\u015ftiriciler ile olu\u015fan sertle\u015ftirilmi\u015f al\u00fcminyum iskeleti ve r\u00fczgara kar\u015f\u0131 diren\u00e7li yap\u0131s\u0131 sayesinde, tek direkte azami alan\u0131 g\u00f6lgelemek i\u00e7in \u00fcretilmi\u015ftir. Sahip oldu\u011fu solar enerji paneli, kesintisiz g\u00fc\u00e7 kayna\u011f\u0131 ve elektronik kontrol \u00fcnitesi sayesinde uzaktan kumanda ile iskelet sistemi a\u00e7\u0131l\u0131p kapanabilir, LED \u0131\u015f\u0131klar aktif edilebilir. \u0130\u00e7inde bulunan teleskopik krank \u015faft mekanizmas\u0131, al\u00fcminyum g\u00f6vde ve \u00e7elik di\u015flileri ile sorunsuz bir a\u00e7ma kapama sistemine sahip Ultra \u015femsiye, opsiyonel entegre r\u00fczgar sens\u00f6r\u00fc sayesinde, sert r\u00fczgarl\u0131 hava \u015fartlar\u0131nda kendini otomatik olarak kapatabilir. D\u0131\u015f mekana uyumlu iroko ah\u015fap ve kompakt dekoratif kapak se\u00e7enekleri ile \u015femsiyeniz bulundu\u011fu mekan ile b\u00fct\u00fcnl\u00fck sa\u011flar.<\/p>\n<div>* Panelden %100 verim alabilmek i\u00e7in g\u00fcne\u015f y\u00f6n\u00fcne do\u011fru monte edilmelidir.<\/div>\n<div>* LED \u0131\u015f\u0131klar\u0131m\u0131z OSRAM marka 3000 kelvin g\u00fcn\u0131\u015f\u0131\u011f\u0131d\u0131r.<\/div>\n<div>* Tam dolu batarya ile ortalama 6-8 saat ayd\u0131nlatma sa\u011flamaktad\u0131r.<\/div>\n<div>* Ah\u015fap ve Compact dekoratif kapaklar opsiyoneldir.<\/div>\n<div>*\u00dcr\u00fcn fiyat\u0131na tespit ayak ve mermer dahil, dekoratif kapak hari\u00e7tir.<\/div>\n<div>Akrilik Kuma\u015f Rengi ve \u0130skelet Rengi Se\u00e7imi \u0130\u00e7in Firmam\u0131z \u0130le ileti\u015fime ge\u00e7ebilirsiniz. Bask\u0131 se\u00e7enekleri fiyat fark\u0131 ve tasar\u0131m i\u00e7in bizi aray\u0131n\u0131z.<\/div>\n<\/div>\n<div>\n<h3>CLK 4&#215;4 Metre Solar \u015eaft Ultra Teleskopik \u015eemsiye \u0130leti\u015fim Bilgileri:<\/h3>\n<p>Ankara: 0 312 429 02 09<\/p>\n<p>\u0130stanbul: 0 216 599 03 53<\/p>\n<p>\u0130zmir: 0 850 885 13 65<\/p>\n<p>Antalya: 0 850 885 09 05<\/p>\n<p>Bursa: 0 850 885 20 19<\/p>\n<p>Adana: 0 850 885 20 29<\/p>\n<p>T\u00fcrkiye Geneli Sipari\u015f Hatt\u0131: 0 535 661 97 22<\/p>\n<p>E-Mail:<a href=\"mailto:info@clksemsiye.com.tr\"> info@clksemsiye.com.tr<\/a><\/p>\n<p><a href=\"http:\/\/www.bahcebalkonmobilyalari.com.tr\/?attachment_id=2215\" rel=\"attachment wp-att-2215\"><img loading=\"lazy\" decoding=\"async\" class=\"aligncenter size-full wp-image-2215\" src=\"http:\/\/www.bahcebalkonmobilyalari.com.tr\/wp-content\/uploads\/2022\/04\/clk-ultra-teleskopik-4x4-semsiye-kranksaft-solar-panel-ledli-isikli-motorlu-bahce-balkon-cafe-semsiyesi.png\" alt=\"\" width=\"570\" height=\"492\" \/><\/a><\/p>\n<\/div>\n<div>\n<div><\/div>\n<\/div>\n","protected":false},"excerpt":{"rendered":"<p>CLK TELESKOP\u0130K KRANK\u015eAFT \u015eEMS\u0130YE Ultra Solar G\u00fcne\u015f Panelli 4&#215;4 mt Motorlu \u015eemsiye \u0130malat\u00e7\u0131 Firma CLK \u015eemsiye G\u00fcvencesi ve Garantisi CLK Teleskopik Ultra 4&#215;4 metre \u015eemsiye,&#8230;<\/p>\n","protected":false},"featured_media":1353,"comment_status":"open","ping_status":"closed","template":"","meta":{"om_disable_all_campaigns":false,"_monsterinsights_skip_tracking":false,"_monsterinsights_sitenote_active":false,"_monsterinsights_sitenote_note":"","_monsterinsights_sitenote_category":0},"product_brand":[],"product_cat":[632,633,634,635,636,637,638,639],"product_tag":[640,596,641,622,607,608,625,526,642,643,627,644,645],"class_list":{"0":"post-1125","1":"product","2":"type-product","3":"status-publish","4":"has-post-thumbnail","6":"product_cat-clk-aluminyum-teleskopik-semsiye","7":"product_cat-clk-bahce-semsiyeleri","8":"product_cat-clk-cafe-semsiyeleri","9":"product_cat-clk-led-isikli-semsiye","10":"product_cat-clk-motorlu-semsiye","11":"product_cat-clk-otel-semsiyeleri","12":"product_cat-clk-semsiye-fiyatlari-2","13":"product_cat-clk-solar-saft-semsiye","14":"product_tag-4x4-cafe-semsiyesi","15":"product_tag-bahce-semsiye-fiyatlari","16":"product_tag-cafe-semsiye","17":"product_tag-cafe-semsiyeleri","18":"product_tag-clk-bahce-semsiyeleri","19":"product_tag-clk-semsiye-fiyatlari","20":"product_tag-clk-semsiye-modelleri","21":"product_tag-clk-teleskopik-semsiye","22":"product_tag-led-isikli-semsiye","23":"product_tag-motorlu-semsiye","24":"product_tag-otel-semsiyeleri","25":"product_tag-profesyonel-semsiye","26":"product_tag-solar-panel-otomatik-semsiye","28":"first","29":"instock","30":"shipping-taxable","31":"product-type-simple"},"aioseo_notices":[],"_links":{"self":[{"href":"http:\/\/www.katlanabilirtentefiyatlari.com\/index.php\/wp-json\/wp\/v2\/product\/1125","targetHints":{"allow":["GET"]}}],"collection":[{"href":"http:\/\/www.katlanabilirtentefiyatlari.com\/index.php\/wp-json\/wp\/v2\/product"}],"about":[{"href":"http:\/\/www.katlanabilirtentefiyatlari.com\/index.php\/wp-json\/wp\/v2\/types\/product"}],"replies":[{"embeddable":true,"href":"http:\/\/www.katlanabilirtentefiyatlari.com\/index.php\/wp-json\/wp\/v2\/comments?post=1125"}],"wp:featuredmedia":[{"embeddable":true,"href":"http:\/\/www.katlanabilirtentefiyatlari.com\/index.php\/wp-json\/wp\/v2\/media\/1353"}],"wp:attachment":[{"href":"http:\/\/www.katlanabilirtentefiyatlari.com\/index.php\/wp-json\/wp\/v2\/media?parent=1125"}],"wp:term":[{"taxonomy":"product_brand","embeddable":true,"href":"http:\/\/www.katlanabilirtentefiyatlari.com\/index.php\/wp-json\/wp\/v2\/product_brand?post=1125"},{"taxonomy":"product_cat","embeddable":true,"href":"http:\/\/www.katlanabilirtentefiyatlari.com\/index.php\/wp-json\/wp\/v2\/product_cat?post=1125"},{"taxonomy":"product_tag","embeddable":true,"href":"http:\/\/www.katlanabilirtentefiyatlari.com\/index.php\/wp-json\/wp\/v2\/product_tag?post=1125"}],"curies":[{"name":"wp","href":"https:\/\/api.w.org\/{rel}","templated":true}]}}