{"id":1073,"date":"2023-03-12T16:35:34","date_gmt":"2023-03-12T16:35:34","guid":{"rendered":"http:\/\/www.katlanabilirtentefiyatlari.com\/?post_type=product&#038;p=1073"},"modified":"2023-03-12T16:38:17","modified_gmt":"2023-03-12T16:38:17","slug":"clk-avanos-3x3-metre-yandan-kollu-kahverengi-bahce-havuz-otel-semsiyesi","status":"publish","type":"product","link":"http:\/\/www.katlanabilirtentefiyatlari.com\/index.php\/urun\/clk-avanos-3x3-metre-yandan-kollu-kahverengi-bahce-havuz-otel-semsiyesi\/","title":{"rendered":"CLK Avanos 3&#215;3 Metre Yandan Kollu Kahverengi Bah\u00e7e Havuz Otel \u015eemsiyesi"},"content":{"rendered":"<h2 style=\"text-align: center;\">CLK AVANOS 3X3 MT SAB\u0130T BAH\u00c7E \u015eEMS\u0130YES\u0130<\/h2>\n<h3 style=\"text-align: center;\">CLK YANDAN KOLLU BAH\u00c7E \u015eEMS\u0130YELER\u0130<\/h3>\n<div><\/div>\n<div>\n<div class=\"woocommerce-product-details__short-description\">\n<p>CLK 3&#215;3 mt Yandan Kollu Bah\u00e7e Avanos \u015eemsiye, \u00f6zel tasar\u0131m\u0131yla g\u00fcne\u015ften ve olas\u0131 ya\u011fmurlardan korunmak i\u00e7in kesintisiz 9m\u00b2\u2018lik kullan\u0131m alan\u0131na sahiptir. G\u00f6lgelendirme b\u00f6l\u00fcm\u00fc, ana ta\u015f\u0131y\u0131c\u0131l\u0131\u011f\u0131 direk k\u0131sm\u0131na entegre edilerek, sal\u0131n\u0131m en aza indirgenmi\u015ftir. Ana ta\u015f\u0131y\u0131c\u0131ya entegre olan kilitli krank sistemi ile de kolayl\u0131kla a\u00e7\u0131l\u0131p kapanabilme olana\u011f\u0131 sa\u011flar. Kahverengi ve krom iskelet renk se\u00e7enekleri ile bah\u00e7e, havuz ve tesislerde \u015f\u0131k ve uzun s\u00fcreli kullan\u0131m sunar. D\u0131\u015f mekana uyumlu iroko ah\u015fap ve kompakt dekoratif kapak se\u00e7enekleri ile, \u015femsiyeniz bulundu\u011fu mekan ile b\u00fct\u00fcnl\u00fck sa\u011flar.<\/p>\n<\/div>\n<h3>CLK 3&#215;3 Metre Avanos Yandan Kollu Sabit Bah\u00e7e \u015eemsiye \u0130leti\u015fim Bilgileri:<\/h3>\n<p>Ankara: 0 312 429 02 09<\/p>\n<p>\u0130stanbul: 0 216 599 03 53<\/p>\n<p>\u0130zmir: 0 850 885 13 65<\/p>\n<p>Antalya: 0 850 885 09 05<\/p>\n<p>Bursa: 0 850 885 20 19<\/p>\n<p>Adana: 0 850 885 20 29<\/p>\n<p>T\u00fcrkiye Geneli Sipari\u015f Hatt\u0131: 0 535 661 97 22<\/p>\n<p>E-Mail:<a href=\"mailto:info@clksemsiye.com.tr\"> info@clksemsiye.com.tr<\/a><\/p>\n<\/div>\n<div class=\"woocommerce-product-details__short-description\"><\/div>\n<div>\n<div id=\"attachment_2134\" style=\"width: 875px\" class=\"wp-caption aligncenter\"><a href=\"http:\/\/www.bahcebalkonmobilyalari.com.tr\/?attachment_id=2134\" rel=\"attachment wp-att-2134\"><img loading=\"lazy\" decoding=\"async\" aria-describedby=\"caption-attachment-2134\" class=\"size-full wp-image-2134\" src=\"http:\/\/www.bahcebalkonmobilyalari.com.tr\/wp-content\/uploads\/2022\/04\/clk-3x3-avanos-yandan-kollu-bahce-cafe-semsiyesi-aluminyum-iskelet-imalati.png\" alt=\"clk 3x3 metre yandan kollu avanos bah\u00e7e cafe ptel plaj havuz \u015femsiyeleri\" width=\"865\" height=\"581\" \/><\/a><p id=\"caption-attachment-2134\" class=\"wp-caption-text\">clk 3&#215;3 metre yandan kollu avanos bah\u00e7e cafe ptel plaj havuz \u015femsiyeleri<\/p><\/div>\n<\/div>\n","protected":false},"excerpt":{"rendered":"<p>CLK AVANOS 3X3 MT SAB\u0130T BAH\u00c7E \u015eEMS\u0130YES\u0130 CLK YANDAN KOLLU BAH\u00c7E \u015eEMS\u0130YELER\u0130 CLK 3&#215;3 mt Yandan Kollu Bah\u00e7e Avanos \u015eemsiye, \u00f6zel tasar\u0131m\u0131yla g\u00fcne\u015ften ve olas\u0131&#8230;<\/p>\n","protected":false},"featured_media":1278,"comment_status":"open","ping_status":"closed","template":"","meta":{"om_disable_all_campaigns":false,"_monsterinsights_skip_tracking":false,"_monsterinsights_sitenote_active":false,"_monsterinsights_sitenote_note":"","_monsterinsights_sitenote_category":0},"product_brand":[],"product_cat":[538,539,577,548,549,507,550,578,579,510,541,511,552,580],"product_tag":[581,582,583,524,584,562],"class_list":{"0":"post-1073","1":"product","2":"type-product","3":"status-publish","4":"has-post-thumbnail","6":"product_cat-aluminyum-semsiye","7":"product_cat-aluminyum-semsiye-fiyatlari","8":"product_cat-avanos-yandan-govdeli-semsiye-fiyatlari","9":"product_cat-bahce-semsiye-modelleri-fiyatlari","10":"product_cat-bahce-semsiyesi","11":"product_cat-cafe-semsiyesi","12":"product_cat-clk-3x3-bahce-semsiyesi","13":"product_cat-clk-avanos-sabit-3-metre-semsiye","14":"product_cat-clk-avanos-semsiye","15":"product_cat-clk-semsiye","16":"product_cat-clk-semsiye-imalati-satisi","17":"product_cat-clk-semsiye-imalati-ve-satisi","18":"product_cat-clk-yandan-kollu-bahce-semsiyeleri","19":"product_cat-havuz-semsiyeleri","20":"product_tag-avanos-bahce-semsiyesi","21":"product_tag-clk-avanos-bahce-cafe-semsiyeleri","22":"product_tag-clk-avanos-semsiye","23":"product_tag-clk-semsiye","24":"product_tag-clk-yandan-kollu-3x3-metre-semsiye","25":"product_tag-clk-yandan-kollu-semsiye","27":"first","28":"instock","29":"shipping-taxable","30":"product-type-simple"},"aioseo_notices":[],"_links":{"self":[{"href":"http:\/\/www.katlanabilirtentefiyatlari.com\/index.php\/wp-json\/wp\/v2\/product\/1073","targetHints":{"allow":["GET"]}}],"collection":[{"href":"http:\/\/www.katlanabilirtentefiyatlari.com\/index.php\/wp-json\/wp\/v2\/product"}],"about":[{"href":"http:\/\/www.katlanabilirtentefiyatlari.com\/index.php\/wp-json\/wp\/v2\/types\/product"}],"replies":[{"embeddable":true,"href":"http:\/\/www.katlanabilirtentefiyatlari.com\/index.php\/wp-json\/wp\/v2\/comments?post=1073"}],"wp:featuredmedia":[{"embeddable":true,"href":"http:\/\/www.katlanabilirtentefiyatlari.com\/index.php\/wp-json\/wp\/v2\/media\/1278"}],"wp:attachment":[{"href":"http:\/\/www.katlanabilirtentefiyatlari.com\/index.php\/wp-json\/wp\/v2\/media?parent=1073"}],"wp:term":[{"taxonomy":"product_brand","embeddable":true,"href":"http:\/\/www.katlanabilirtentefiyatlari.com\/index.php\/wp-json\/wp\/v2\/product_brand?post=1073"},{"taxonomy":"product_cat","embeddable":true,"href":"http:\/\/www.katlanabilirtentefiyatlari.com\/index.php\/wp-json\/wp\/v2\/product_cat?post=1073"},{"taxonomy":"product_tag","embeddable":true,"href":"http:\/\/www.katlanabilirtentefiyatlari.com\/index.php\/wp-json\/wp\/v2\/product_tag?post=1073"}],"curies":[{"name":"wp","href":"https:\/\/api.w.org\/{rel}","templated":true}]}}