{"id":1028,"date":"2023-03-12T16:35:06","date_gmt":"2023-03-12T16:35:06","guid":{"rendered":"http:\/\/www.katlanabilirtentefiyatlari.com\/?post_type=product&#038;p=1028"},"modified":"2023-03-12T16:36:49","modified_gmt":"2023-03-12T16:36:49","slug":"clk-2x3-tavan-logo-baskili-katlanabilir-tente-gazebo-stand-cadir-imalati-satisi","status":"publish","type":"product","link":"http:\/\/www.katlanabilirtentefiyatlari.com\/index.php\/urun\/clk-2x3-tavan-logo-baskili-katlanabilir-tente-gazebo-stand-cadir-imalati-satisi\/","title":{"rendered":"CLK 2&#215;3 Tavan Logo Bask\u0131l\u0131 Katlanabilir Tente Gazebo Stand \u00c7ad\u0131r \u0130malat\u0131 Sat\u0131\u015f\u0131"},"content":{"rendered":"<h2 style=\"text-align: center;\">CLK 2&#215;3 Tavan Logo Bask\u0131l\u0131 Katlanabilir Tente Gazebo Stand \u00c7ad\u0131r \u0130malat\u0131 Sat\u0131\u015f\u0131<\/h2>\n<h2><\/h2>\n<h3>CLK GARDEN &#8211; GAZEBO \u00c7ADIR<\/h3>\n<p><strong>T\u00fcrkiye&#8217;de Tek \u0130malat\u00e7\u0131 Firma CLK Ticaret Garantisi<\/strong><\/p>\n<h3>CLK 2&#215;3 Metre Gazebo Katlanabilir Tente \u00c7ad\u0131r<\/h3>\n<p><strong>30 mm \u00e7elik profil<\/strong><\/p>\n<div>\u0130malat\u00e7\u0131 firma\u00a0CLK T\u0130CARET\u00a0g\u00fcvencesi ile %100 su ge\u00e7irmez Oxford kuma\u015f ile \u00fcretilmi\u015f, branda ve iskelet garantili katlanabilir gazebo \u00e7ad\u0131rlar\u0131.<\/div>\n<div><\/div>\n<div>Logonuzu payla\u015farak sa\u00e7aklara logo bask\u0131l\u0131 \u00e7ad\u0131r sipari\u015fi verebilirsiniz. Etekler logo bask\u0131l\u0131 gazebo \u00e7ad\u0131rlar\u0131 imalat\u0131 ve sat\u0131\u015f\u0131 yapan lider firma CLK garantili.<\/div>\n<div><\/div>\n<div><strong>2&#215;3 tavan logo dijital bask\u0131l\u0131<\/strong> \u00e7ad\u0131r sipari\u015fi vermek i\u00e7in<strong> 0 533 925 36 78<\/strong> numaral\u0131 telefon ile bize ula\u015f\u0131n.<\/div>\n<ul>\n<li>17 Farkl\u0131 Branda (Kuma\u015f) Renk Se\u00e7ene\u011fi<\/li>\n<li>%100 Su Ge\u00e7irmez Tavan<\/li>\n<li>Ayaklar\u0131nda yere sabitlemek i\u00e7in delikler bulunmaktad\u0131r,<\/li>\n<\/ul>\n<div><\/div>\n<h3>CLK Tavan Kuma\u015f Logo Bask\u0131l\u0131 \u00c7ad\u0131r Sipari\u015f Hatt\u0131:<\/h3>\n<div>Ankara: 0 312 429 02 09<\/div>\n<div><\/div>\n<div>\u0130stanbul: 0 216 599 03 53<\/div>\n<div><\/div>\n<div>\u0130zmir: 0 850 885 13 65<\/div>\n<div><\/div>\n<div>Bursa: 0 850 885 20 19<\/div>\n<div><\/div>\n<div>Antalya: 0 850 885 20 29<\/div>\n<div><\/div>\n<div>Adana: 0 850 885 19 89<\/div>\n<div><\/div>\n<div>\u0130zmit-Kocaeli: 0 850 885 13 65<\/div>\n<div><\/div>\n<div><strong>T\u00fcrkiye geneli sipari\u015f hatt\u0131: 0 533 925 36 78<\/strong><\/div>\n<div><\/div>\n<div>E-mail: <a href=\"mailto:info@clkticaret.com\"><strong>info@clkticaret.com<\/strong><\/a><\/div>\n<div><\/div>\n<div><\/div>\n<div>\n<div id=\"attachment_2024\" style=\"width: 512px\" class=\"wp-caption aligncenter\"><a href=\"http:\/\/www.bahcebalkonmobilyalari.com.tr\/?attachment_id=2024\" rel=\"attachment wp-att-2024\"><img loading=\"lazy\" decoding=\"async\" aria-describedby=\"caption-attachment-2024\" class=\" wp-image-2024\" src=\"http:\/\/www.bahcebalkonmobilyalari.com.tr\/wp-content\/uploads\/2022\/04\/clk_ticaret_cadir_komple_baski_2x3.jpg\" alt=\"clk 2x3 logo bask\u0131l\u0131 tente tavan dijital bask\u0131l\u0131 \u00e7ad\u0131r\" width=\"502\" height=\"502\" \/><\/a><p id=\"caption-attachment-2024\" class=\"wp-caption-text\">clk 2&#215;3 logo bask\u0131l\u0131 tente tavan dijital bask\u0131l\u0131 \u00e7ad\u0131r<\/p><\/div>\n<\/div>\n<div><\/div>\n","protected":false},"excerpt":{"rendered":"<p>CLK 2&#215;3 Tavan Logo Bask\u0131l\u0131 Katlanabilir Tente Gazebo Stand \u00c7ad\u0131r \u0130malat\u0131 Sat\u0131\u015f\u0131 CLK GARDEN &#8211; GAZEBO \u00c7ADIR T\u00fcrkiye&#8217;de Tek \u0130malat\u00e7\u0131 Firma CLK Ticaret Garantisi CLK&#8230;<\/p>\n","protected":false},"featured_media":1191,"comment_status":"open","ping_status":"closed","template":"","meta":{"om_disable_all_campaigns":false,"_monsterinsights_skip_tracking":false,"_monsterinsights_sitenote_active":false,"_monsterinsights_sitenote_note":"","_monsterinsights_sitenote_category":0},"product_brand":[],"product_cat":[465,466,467,468,469,459,435],"product_tag":[470,407,471,472,454,464,121,122,126,272,130,284],"class_list":{"0":"post-1028","1":"product","2":"type-product","3":"status-publish","4":"has-post-thumbnail","6":"product_cat-2x3-baskili-tente","7":"product_cat-clk-2x3-dijital-baskili-cadir","8":"product_cat-clk-2x3-gazebo-baskili-cadir-tente","9":"product_cat-clk-2x3-kumas-dijital-baskili-cadir-imalati","10":"product_cat-clk-2x3-logo-baskili-tente","11":"product_cat-clk-baskili-stand-cadiri-imalati-satisi","12":"product_cat-clk-gazebo-baskili-cadir-gazebo-stand-cadiri-tente-imalati","13":"product_tag-clk-2x3-baskili-cadir","14":"product_tag-clk-2x3-gazebo-baskili-tente","15":"product_tag-clk-2x3-metre-baskili-cadir","16":"product_tag-clk-2x3-tavan-baskili-gazebo-cadir","17":"product_tag-clk-baskili-gazebo-cadir","18":"product_tag-clk-baskili-tente","19":"product_tag-etkinlik-cadiri","20":"product_tag-fuar-cadiri","21":"product_tag-organizasyon-cadiri","22":"product_tag-promosyon-cadiri","23":"product_tag-stand-cadiri","24":"product_tag-tanitim-cadiri","26":"first","27":"instock","28":"shipping-taxable","29":"product-type-simple"},"aioseo_notices":[],"_links":{"self":[{"href":"http:\/\/www.katlanabilirtentefiyatlari.com\/index.php\/wp-json\/wp\/v2\/product\/1028","targetHints":{"allow":["GET"]}}],"collection":[{"href":"http:\/\/www.katlanabilirtentefiyatlari.com\/index.php\/wp-json\/wp\/v2\/product"}],"about":[{"href":"http:\/\/www.katlanabilirtentefiyatlari.com\/index.php\/wp-json\/wp\/v2\/types\/product"}],"replies":[{"embeddable":true,"href":"http:\/\/www.katlanabilirtentefiyatlari.com\/index.php\/wp-json\/wp\/v2\/comments?post=1028"}],"wp:featuredmedia":[{"embeddable":true,"href":"http:\/\/www.katlanabilirtentefiyatlari.com\/index.php\/wp-json\/wp\/v2\/media\/1191"}],"wp:attachment":[{"href":"http:\/\/www.katlanabilirtentefiyatlari.com\/index.php\/wp-json\/wp\/v2\/media?parent=1028"}],"wp:term":[{"taxonomy":"product_brand","embeddable":true,"href":"http:\/\/www.katlanabilirtentefiyatlari.com\/index.php\/wp-json\/wp\/v2\/product_brand?post=1028"},{"taxonomy":"product_cat","embeddable":true,"href":"http:\/\/www.katlanabilirtentefiyatlari.com\/index.php\/wp-json\/wp\/v2\/product_cat?post=1028"},{"taxonomy":"product_tag","embeddable":true,"href":"http:\/\/www.katlanabilirtentefiyatlari.com\/index.php\/wp-json\/wp\/v2\/product_tag?post=1028"}],"curies":[{"name":"wp","href":"https:\/\/api.w.org\/{rel}","templated":true}]}}