{"id":380,"date":"2020-04-27T13:34:00","date_gmt":"2020-04-27T13:34:00","guid":{"rendered":"http:\/\/www.katlanabilirtentefiyatlari.com\/?page_id=380"},"modified":"2020-04-27T13:34:00","modified_gmt":"2020-04-27T13:34:00","slug":"iletisim","status":"publish","type":"page","link":"http:\/\/www.katlanabilirtentefiyatlari.com\/index.php\/iletisim\/","title":{"rendered":"\u0130leti\u015fim"},"content":{"rendered":"\n<p><strong>Katlanabilir Gazebo \u00c7ad\u0131r Sipari\u015f Hatt\u0131: 0 535 662 01 06<\/strong><\/p>\n\n\n\n<p><strong>Dijital Bask\u0131l\u0131 Katlanabilir Gazebo \u00c7ad\u0131r: 0 535 661 97 22<\/strong><\/p>\n\n\n\n<p>Ankara: 0 312 429 02 09<\/p>\n\n\n\n<p>\u0130stanbul Anadolu Yakas\u0131: 0 216 599 03 53<\/p>\n\n\n\n<p>\u0130stanbul Avrupa Yakas\u0131: 0 850 885 13 65<\/p>\n\n\n\n<p>\u0130zmir: 0 850 885 09 05<\/p>\n\n\n\n<p>Antalya: 0 850 885 20 19<\/p>\n\n\n\n<p>Bursa: 0 850 885 20 29<\/p>\n\n\n\n<p><strong>T\u00fcrkiye Geneli Katlan\u0131r Tente Sipari\u015fi: 0 535 662 01 06<\/strong><\/p>\n","protected":false},"excerpt":{"rendered":"<p>Katlanabilir Gazebo \u00c7ad\u0131r Sipari\u015f Hatt\u0131: 0 535 662 01 06 Dijital Bask\u0131l\u0131 Katlanabilir Gazebo \u00c7ad\u0131r: 0 535 661 97 22 Ankara: 0 312 429 02&#8230;<\/p>\n","protected":false},"author":1,"featured_media":0,"parent":0,"menu_order":0,"comment_status":"closed","ping_status":"closed","template":"","meta":{"om_disable_all_campaigns":false,"_monsterinsights_skip_tracking":false,"_monsterinsights_sitenote_active":false,"_monsterinsights_sitenote_note":"","_monsterinsights_sitenote_category":0,"footnotes":""},"class_list":["post-380","page","type-page","status-publish","hentry"],"aioseo_notices":[],"_links":{"self":[{"href":"http:\/\/www.katlanabilirtentefiyatlari.com\/index.php\/wp-json\/wp\/v2\/pages\/380","targetHints":{"allow":["GET"]}}],"collection":[{"href":"http:\/\/www.katlanabilirtentefiyatlari.com\/index.php\/wp-json\/wp\/v2\/pages"}],"about":[{"href":"http:\/\/www.katlanabilirtentefiyatlari.com\/index.php\/wp-json\/wp\/v2\/types\/page"}],"author":[{"embeddable":true,"href":"http:\/\/www.katlanabilirtentefiyatlari.com\/index.php\/wp-json\/wp\/v2\/users\/1"}],"replies":[{"embeddable":true,"href":"http:\/\/www.katlanabilirtentefiyatlari.com\/index.php\/wp-json\/wp\/v2\/comments?post=380"}],"version-history":[{"count":1,"href":"http:\/\/www.katlanabilirtentefiyatlari.com\/index.php\/wp-json\/wp\/v2\/pages\/380\/revisions"}],"predecessor-version":[{"id":381,"href":"http:\/\/www.katlanabilirtentefiyatlari.com\/index.php\/wp-json\/wp\/v2\/pages\/380\/revisions\/381"}],"wp:attachment":[{"href":"http:\/\/www.katlanabilirtentefiyatlari.com\/index.php\/wp-json\/wp\/v2\/media?parent=380"}],"curies":[{"name":"wp","href":"https:\/\/api.w.org\/{rel}","templated":true}]}}